 base 14?
455
What is 31220 (base 4) in base 10?
872
Convert -48f (base 16) to base 5.
-14132
What is 10423 (base 5) in base 9?
1010
What is 57 (base 11) in base 13?
4a
30754 (base 8) to base 4
3013230
What is 6d (base 16) in base 15?
74
Convert 137 (base 15) to base 3.
101021
What is -166 (base 16) in base 5?
-2413
What is 703 (base 8) in base 12?
317
Convert 246 (base 11) to base 16.
124
162c8 (base 13) to base 8
122405
Convert -100212 (base 6) to base 9.
-11688
Convert -3003 (base 5) to base 10.
-378
What is 23204 (base 5) in base 2?
11010001111
-110144 (base 5) to base 15
-11d4
What is -29625 (base 12) in base 15?
-12262
Convert -45401 (base 11) to base 4.
-100002220
Convert -230321 (base 4) to base 9.
-3842
20101212 (base 3) to base 15
15b2
Convert 100201200 (base 3) to base 10.
7092
Convert 3208 (base 9) to base 5.
33412
Convert -52653 (base 7) to base 16.
-32df
-12023 (base 4) to base 13
-245
What is 1200130 (base 5) in base 2?
101010110011011
What is 1022100102 (base 3) in base 15?
797e
11011 (base 3) to base 13
88
Convert 1432 (base 16) to base 13.
2479
What is 1201 (base 12) in base 11?
1574
998c (base 13) to base 7
116264
What is -45276 (base 8) in base 12?
-b0a6
323 (base 12) to base 11
388
-6d04 (base 14) to base 5
-1102031
What is -32011 (base 4) in base 10?
-901
Convert 535 (base 8) to base 9.
427
-110002220 (base 3) to base 13
-402c
What is 3022 (base 6) in base 14?
354
Convert -20e (base 15) to base 13.
-299
Convert 31000 (base 4) to base 13.
4c0
Convert -b0 (base 14) to base 5.
-1104
What is 382 (base 12) in base 5?
4110
What is -48543 (base 10) in base 11?
-33520
2441 (base 8) to base 15
5c8
What is -1c90 (base 13) in base 7?
-15442
-112010 (base 3) to base 9
-463
-10111101010 (base 2) to base 4
-113222
Convert -1100011100 (base 2) to base 4.
-30130
What is -243 (base 15) in base 8?
-1001
-4967 (base 10) to base 13
-2351
What is 3d2 (base 16) in base 6?
4310
What is 101 (base 10) in base 3?
10202
2002220 (base 4) to base 15
2725
What is -517 (base 8) in base 14?
-19d
Convert -1111101101001 (base 2) to base 12.
-47a1
Convert -10120112 (base 4) to base 11.
-12531
Convert -322 (base 4) to base 6.
-134
What is 154501 (base 7) in base 15?
903a
What is -225 (base 6) in base 16?
-59
What is -665 (base 13) in base 12?
-775
What is -d83 (base 14) in base 6?
-20155
What is -30514 (base 6) in base 8?
-7756
-15411 (base 6) to base 15
-b37
What is 31242 (base 5) in base 12?
1248
-65 (base 16) to base 12
-85
1000010010 (base 2) to base 8
1022
What is -11210011 (base 3) in base 10?
-3487
5706 (base 8) to base 10
3014
Convert -10000221 (base 3) to base 4.
-202210
What is -31302 (base 5) in base 4?
-200131
Convert 5e8 (base 16) to base 10.
1512
-42b8 (base 16) to base 5
-1021310
What is -a9 (base 11) in base 12?
-9b
Convert -2305 (base 6) to base 11.
-456
Convert 1872 (base 9) to base 4.
112202
What is 102223 (base 4) in base 14?
615
18400 (base 9) to base 16
31ad
What is -2020011 (base 3) in base 14?
-840
Convert 89 (base 12) to base 13.
81
Convert -122110112 (base 3) to base 8.
-30673
What is 24d (base 15) in base 3?
201101
Convert -1299a (base 13) to base 14.
-c879
What is -410012 (base 6) in base 14?
-bb4c
Convert 3213 (base 4) to base 16.
e7
Convert -712 (base 8) to base 16.
-1ca
What is 11000212 (base 3) in base 14?
10dd
What is cbc (base 13) in base 11?
1705
-825 (base 14) to base 10
-1601
-4003 (base 5) to base 12
-35b
Convert -10101110100100 (base 2) to base 7.
-44400
What is -6530 (base 7) in base 12?
-1418
Convert -9c (base 15) to base 6.
-403
631 (base 8) to base 13
256
-4404 (base 7) to base 8
-3044
What is 631 (base 9) in base 15?
244
Convert -5da4 (base 15) to base 6.
-232214
Convert 564 (base 14) to base 8.
2054
Convert 30024 (base 5) to base 16.
761
-7b42 (base 13) to base 6
-212020
What is -1114 (base 6) in base 10?
-262
Convert -34965 (base 10) to base 2.
-1000100010010101
-11001100010 (base 2) to base 14
-84a
What is -1110100100001 (base 2) in base 10?
-7457
2bb (base 15) to base 3
212012
-10368 (base 12) to base 14
-7a5a
-111001010101 (base 2) to base 16
-e55
Convert -201422 (base 5) to base 2.
-1100101010111
What is 110100001010 (base 2) in base 8?
6412
Convert 128 (base 16) to base 5.
2141
Convert 1498 (base 10) to base 7.
4240
Convert 1010200 (base 3) to base 14.
432
What is -1101001001100 (base 2) in base 7?
-25425
-110011011 (base 2) to base 14
-215
What is -1440 (base 14) in base 5?
-103314
142 (base 10) to base 14
a2
What is -3401 (base 13) in base 3?
-100222012
1150 (base 11) to base 14
799
369 (base 13) to base 7
1506
378 (base 14) to base 3
221201
-4764 (base 13) to base 4
-2131011
What is 6445 (base 9) in base 8?
11203
Convert -1010001101010 (base 2) to base 15.
-1836
What is 40b (base 13) in base 5?
10222
What is 143206 (base 8) in base 9?
76638
Convert 13029 (base 10) to base 4.
3023211
Convert 22434 (base 5) to base 3.
2012222
20001101 (base 3) to base 5
120121
Convert 351 (base 7) to base 3.
20210
What is -5733 (base 13) in base 8?
-27662
Convert -36b3 (base 15) to base 13.
-53b8
-2212111 (base 3) to base 8
-4054
Convert 1625 (base 14) to base 5.
111303
Convert 11001111111 (base 2) to base 15.
75d
Convert 1058 (base 9) to base 14.
3dc
Convert 716 (base 15) to base 10.
1596
2638 (base 12) to base 16
110c
What is -15402 (base 6) in base 15?
-b32
-533 (base 15) to base 16
-495
1120210 (base 3) to base 10
1155
What is -1020213 (base 4) in base 14?
-199d
16115 (base 11) to base 2
101100011101100
Convert 12ed (base 16) to base 11.
3705
What is 17 (base 14) in base 10?
21
What is -788 (base 10) in base 14?
-404
231426 (base 7) to base 4
22012200
Convert -3100 (base 9) to base 14.
-b80
44334 (base 5) to base 15
db4
121043 (base 5) to base 9
6175
-2172 (base 10) to base 6
-14020
Convert -4394 (base 16) to base 15.
-51d5
123301 (base 4) to base 6
12121
What is 42211 (base 5) in base 10?
2806
Convert 16566 (base 8) to base 5.
220132
Convert -101011100100 (base 2) to base 15.
-c5d
Convert -2d49 (base 14) to base 15.
-2601
Convert -46a (base 12) to base 8.
-1222
Convert -13cc3 (base 14) to base 2.
-1100000000010011
What is -3313202 (base 4) in base 7?
-64121
Convert 352222 (base 6) to base 7.
154262
1106 (base 14) to base 4
232002
Convert -6ae (base 15) to base 2.
-10111101010
Convert 60035 (base 7) to base 5.
430212
-1122102 (base 4) to base 11
-4383
Convert 51122 (base 11) to base 6.
1333425
What is -235446 (base 7) in base 14?
-11826
Convert -12133 (base 5) to base 15.
-413
-51422 (base 6) to base 4
-1223012
Convert 329 (base 16) to base 12.
575
Convert 32 (base 10) to base 12.
28
4300 (base 9) to base 15
e09
-12210101 (base 3) to base 16
-107e
What is -1021203 (base 4) in base 9?
-6410
2777 (base 8) to base 16
5ff
3824 (base 12) to base 13
2b87
Convert -2053 (base 11) to base 3.
-10201202
11110000110 (base 2) to base 3
2122100
Convert 104131 (base 5) to base 15.
1146
What is -3405 (base 10) in base 9?
-4603
4c (base 15) to base 6
200
Convert -4060 (base 7) to base 15.
-644
-4b3 (base 15) to base 10
-1068
Convert 581 (base 12) to base 5.
11232
37c (base 13) to base 4
21202
Convert -3241302 (base 5) to base 9.
-84520
What is 89ce (base 15) in base 6?
343135
What is 1354 (base 8) in base 16?
2ec
216155 (base 7) to base 5
2210122
Convert -91 (base 16) to base 4.
-2101
Convert 14223 (base 7) to base 14.
15ba
Convert 111100010 (base 2) to base 7.
1256
-13170 (base 8) to base 13
-2806
What is 10001101111110 (base 2) in base 6?
110022
What is -a27 (base 15) in base 6?
-14331
-f1e (base 16) to base 10
-3870
-1102010000 (base 3) to base 14
-a1a7
-3c2 (base 15) to base 9
-1152
Convert -34234 (base 6) to base 8.
-11356
What is -1002343 (base 6) in base 3?
-2101210000
What is -10f3 (base 16) in base 10?
-4339
Convert 241 (base 8) to base 2.
10100001
What is 35331 (base 7) in base 5?
242322
What is -301241 (base 6) in base 15?
-7011
Convert 77 (base 16) to base 6.
315
Convert 2122 (base 9) to base 3.
2010202
Convert 347 (base 13) to base 16.
236
Convert -23011 (base 4) to base 10.
-709
What is 97 (base 16) in base 3?
12121
Convert -136617 (base 8) to base 7.
-261323
5d58 (base 16) to base 7
126445
31200203 (base 4) to base 15
115db
-210000 (base 3) to base 16
-237
What is -4787 (base 15) in base 8?
-35542
4ba (base 16) to b